?
11fd
In base 8, what is 20 + 32013?
32033
In base 15, what is -177 - 1ea5?
-212c
In base 12, what is -1836 - -411?
-1425
In base 2, what is -11011110111000 + -10?
-11011110111010
In base 15, what is 27436 - 2?
27434
In base 2, what is 111000110000100110 - 11?
111000110000100011
In base 8, what is 1167 + -312?
655
In base 13, what is -3a4b0a + 2?
-3a4b08
In base 8, what is -125 - 10?
-135
In base 7, what is -3 + -2441?
-2444
In base 10, what is 83 - -332?
415
In base 13, what is 1 + 4079b?
4079c
In base 5, what is 3 + 2220443?
2221001
In base 5, what is 10431 + -42?
10334
In base 11, what is 19371 - 11?
19360
In base 4, what is 1223 + -100330?
-33101
In base 5, what is -12 + 102141?
102124
In base 6, what is -4522545 - -4?
-4522541
In base 10, what is 25 + 7065?
7090
In base 15, what is -3154d + -6?
-31554
In base 5, what is -143 + -1132?
-1330
In base 3, what is -1111212001221 + -12?
-1111212002010
In base 5, what is 100 + 101442?
102042
In base 16, what is -a - -1ef5b?
1ef51
In base 10, what is 229 - -1140?
1369
In base 14, what is -799a3 - 0?
-799a3
In base 9, what is 20 + 2733?
2753
In base 8, what is -31 + 27?
-2
In base 4, what is 1032232020 + 10?
1032232030
In base 11, what is 265 - 15?
250
In base 13, what is 22a + -22?
208
In base 15, what is 3ae43 - -a?
3ae4d
In base 13, what is -39b - -43?
-358
In base 3, what is 1 - 10010011?
-10010010
In base 13, what is 3 + -1092?
-108c
In base 5, what is -21144 - 2121?
-23320
In base 9, what is 1133466 + -5?
1133461
In base 14, what is 9a3765 + 3?
9a3768
In base 10, what is 8 + -5803?
-5795
In base 7, what is 40620136 + 0?
40620136
In base 16, what is -4b1c + -52?
-4b6e
In base 10, what is 2469 - 1?
2468
In base 6, what is -133 - -10?
-123
In base 11, what is 2 - -589795?
589797
In base 13, what is 29767 + 3?
2976a
In base 13, what is 545aa - -8?
545b5
In base 5, what is 322 + 10440?
11312
In base 9, what is -375176 - -3?
-375173
In base 15, what is -5a - 722?
-77c
In base 5, what is 132 - -4141?
4323
In base 16, what is 77a + -22f?
54b
In base 12, what is 9a808 + 2?
9a80a
In base 2, what is -1000011111 + -10011000101?
-11011100100
In base 9, what is 5787 + 153?
6051
In base 13, what is 0 + -3073?
-3073
In base 6, what is -2424522 - -5?
-2424513
In base 3, what is -1001222 - -1010?
-1000212
In base 2, what is -1000001101 - -10111101?
-101010000
In base 13, what is -2cb + c7a?
97c
In base 16, what is b938 + -1?
b937
In base 6, what is 3521 - 142?
3335
In base 13, what is 89 + 93?
14c
In base 11, what is -7 + 3aa9?
3aa2
In base 4, what is 32310 + 1113331?
1212301
In base 14, what is 1 + -289?
-288
In base 2, what is 100 - 11011001010000?
-11011001001100
In base 8, what is -2534661 + 2?
-2534657
In base 16, what is 16 + -505?
-4ef
In base 15, what is -3ab + -11a6?
-1562
In base 14, what is d + 1223c?
1224b
In base 14, what is -5b - -148b?
1430
In base 4, what is 20 + -23021?
-23001
In base 7, what is 13526 - -53?
13612
In base 10, what is 247691 + 9?
247700
In base 16, what is -3d2 + 25?
-3ad
In base 5, what is -23133 + 1?
-23132
In base 10, what is 2 + -31371?
-31369
In base 3, what is 1202021110120 + 0?
1202021110120
In base 8, what is -21044 + -500?
-21544
In base 2, what is 1011011000 - 110001100?
101001100
In base 6, what is 0 - 13303104?
-13303104
In base 12, what is -1 + -25827?
-25828
In base 13, what is -33 + -996?
-9c9
In base 2, what is -100001111011100010001 - 10?
-100001111011100010011
In base 7, what is -55403 - 16?
-55422
In base 5, what is 4023 + 4303?
13331
In base 4, what is 1322330 + 3?
1322333
In base 15, what is -e + -7cae?
-7cbd
In base 8, what is -20451 + 1?
-20450
In base 8, what is -227 - -10220?
7771
In base 9, what is -675563 + 4?
-675558
In base 10, what is 624 - 119?
505
In base 11, what is -3237 - 370?
-35a7
In base 3, what is 12 - -21111001?
21111020
In base 14, what is 8 - 846?
-83c
In base 11, what is -86210a - 4?
-862113
In base 13, what is -79b - 13?
-7b1
In base 6, what is 4 + -35515?
-35511
In base 16, what is -8c38 + b?
-8c2d
In base 5, what is 234304414 + 1?
234304420
In base 14, what is 31 - bca?
-b99
In base 6, what is 312 - -104504?
105220
In base 10, what is -137 + -127?
-264
In base 10, what is -2 + -7738?
-7740
In base 14, what is -11131 + -2?
-11133
In base 12, what is -4 + -13173?
-13177
In base 12, what is -189355 + -3?
-189358
In base 14, what is -216 + 41?
-1b5
In base 3, what is 11 - 202021121120?
-202021121102
In base 15, what is 15 - 152b7?
-152a2
In base 3, what is -222220010 + 12?
-222212221
In base 3, what is 12 - -210121201011?
210121201100
In base 7, what is -1635 - 5555?
-10523
In base 15, what is 58d6 + 2?
58d8
In base 6, what is 3 + 1433201?
1433204
In base 13, what is -1cb - 189?
-387
In base 7, what is 4330 - 151?
4146
In base 4, what is -10 - 21012321?
-21012331
In base 14, what is 35 - -541d?
5454
In base 3, what is 2211 - 1000?
1211
In base 15, what is 2c6 - -51?
327
In base 7, what is 6 - -105025?
105034
In base 2, what is -1011101111110 - 101?
-1011110000011
In base 9, what is 253448 + -3?
253445
In base 10, what is -1 - 294867?
-294868
In base 12, what is 124660 - -5?
124665
In base 10, what is -23111 + -4?
-23115
In base 14, what is 23b20 - 3?
23b1b
In base 16, what is -4 + 1d83f?
1d83b
In base 11, what is -25a6aa + 1?
-25a6a9
In base 12, what is 8b6 + -8a?
828
In base 2, what is 0 + -1100100110110?
-1100100110110
In base 5, what is 1321320 + 4?
1321324
In base 9, what is -2603743 - -4?
-2603738
In base 9, what is -5 - -23007?
23002
In base 13, what is 44 + 24c9?
2540
In base 9, what is -1316 - -3?
-1313
In base 11, what is -2 + 212374?
212372
In base 9, what is -1780032 - 6?
-1780038
In base 2, what is -101010111100 + 10100100?
-101000011000
In base 10, what is 13 - 105?
-92
In base 8, what is -4 - 267031?
-267035
In base 5, what is 211 + 11210?
11421
In base 16, what is -489 + -10?
-499
In base 6, what is -450232 - 41?
-450313
In base 7, what is -250 - 5?
-255
In base 9, what is 6048 - 158?
5780
In base 4, what is 110121 + 113?
110300
In base 11, what is -3 - 2a18aa?
-2a1902
In base 13, what is -5 - 8a3?
-8a8
In base 15, what is 48e + -179?
315
In base 4, what is 3012 + 320011?
323023
In base 11, what is -114775 + -42?
-114807
In base 5, what is -333 - -4433?
4100
In base 16, what is -3d1 + -7?
-3d8
In base 11, what is -12 + -134474?
-134486
In base 8, what is -160266 - 0?
-160266
In base 10, what is 429 + 131?
560
In base 11, what is 723 + 123?
846
In base 2, what is 10111110 - 110001011110?
-101110100000
In base 2, what is 101101000 - -10010101010111?
10011010111111
In base 10, what is 222612 + 0?
222612
In base 16, what is -4 + -179?
-17d
In base 8, what is -125677 - 3?
-125702
In base 3, what is -222110020 - 0?
-222110020
In base 7, what is -23 - -40151?
40125
In base 6, what is 1440 - 13012?
-11132
In base 3, what is 10 - -112121102?
112121112
In base 4, what is -323133211 + -10?
-323133221
In base 15, what is 18d3 - 2ce?
1604
In base 11, what is -5882 - 4?
-5886
In base 11, what is 946147 - -1?
946148
In base 2, what is 10001011100 - -100000?
10001111100
In base 3, what is 0 + -2111010102000?
-2111010102000
In base 3, what is -11 - -1202122112?
1202122101
In base 13, what is -34 - 57a?
-5b1
In base 9, what is -10842 + -1?
-10843
In base 9, what is -1874 - 425?
-2410
In base 10, what is -411 - 162?
-573
In base 3, what is 1012 - 201011022?
-201010010
In base 6, what is 444230 + -1?
444225
In base 5, what is -131002 + 222?
-130230
In base 4, what is -111 - 22112?
-22223
In base 16, what is 88 - -1240?
12c8
In base 5, what is -3 + 113411?
113403
In base 3, what is -11101122122 + 0?
-11101122122
In base 14, what is -7 + 4bc3?
4bba
In base 4, what is -23 + -33233233?
-33233322
In base 16, what is -253 + -991?
-be4
In base 12, what is 32 + 5494?
5506
In base 3, what is -220212022 - -1?
-220212021
In base 9, what is -4 - 255662?
-255666
In base 4, what is -3303 - 30201?
-100110
In base 10, what is -14 - -365?
351
In base 15, what is -1b61 + 1?
-1b60
In base 15, what is 18 + -28b19?
-28b01
In base 8, what is -60420 - 22?
-60442
In base 2, what is -110101000000001 + 101?
-110100111111100
In base 11, what is 1 + 1a96?
1a97
In base 10, what is 6 + -23286?
-23280
In base 5, what is 22003 + -1221?
20232
In base 2, what is 100011